st the prime factors of 987838.
2, 493919
List the prime factors of 1232497.
7, 25153
What are the prime factors of 135775?
5, 5431
List the prime factors of 2844853.
11, 258623
List the prime factors of 127053.
3, 19, 743
List the prime factors of 1876835.
5, 375367
What are the prime factors of 961311?
3, 13, 157
What are the prime factors of 180092?
2, 11, 4093
List the prime factors of 21493045.
5, 7, 61, 10067
What are the prime factors of 2249627?
17, 132331
List the prime factors of 211269.
3, 70423
What are the prime factors of 367461?
3, 40829
What are the prime factors of 50648?
2, 13, 487
List the prime factors of 1594148.
2, 353, 1129
What are the prime factors of 2406134?
2, 1203067
What are the prime factors of 7147768?
2, 89, 10039
What are the prime factors of 194719?
7, 27817
List the prime factors of 1985414.
2, 992707
What are the prime factors of 27553062?
2, 3, 353, 13009
What are the prime factors of 1825348?
2, 7, 67, 139
List the prime factors of 512079.
3, 131, 1303
List the prime factors of 15656662.
2, 7, 599, 1867
What are the prime factors of 7643202?
2, 3, 7, 181981
List the prime factors of 4990010.
2, 5, 17, 149, 197
List the prime factors of 3572280.
2, 3, 5, 9923
What are the prime factors of 14954502?
2, 3, 2492417
List the prime factors of 303075.
3, 5, 449
List the prime factors of 600255.
3, 5, 13339
What are the prime factors of 3719357?
877, 4241
What are the prime factors of 23516013?
3, 29, 270299
List the prime factors of 1074831.
3, 358277
What are the prime factors of 5676783?
3, 7, 270323
List the prime factors of 169105.
5, 31, 1091
What are the prime factors of 2172186?
2, 3, 120677
What are the prime factors of 2204484?
2, 3, 183707
List the prime factors of 8068302.
2, 3, 11, 17, 47
What are the prime factors of 215540?
2, 5, 13, 829
What are the prime factors of 36704?
2, 31, 37
What are the prime factors of 11420788?
2, 23, 124139
What are the prime factors of 244683?
3, 31, 877
What are the prime factors of 3123657?
3, 19, 6089
List the prime factors of 787601.
787601
List the prime factors of 521658.
2, 3, 73, 397
What are the prime factors of 3555296?
2, 111103
What are the prime factors of 109294?
2, 54647
What are the prime factors of 1266768?
2, 3, 19, 463
What are the prime factors of 578251?
578251
What are the prime factors of 655637?
655637
What are the prime factors of 1040052?
2, 3, 13, 59, 113
What are the prime factors of 297937?
251, 1187
List the prime factors of 978648.
2, 3, 11, 337
List the prime factors of 9137378.
2, 29, 257, 613
List the prime factors of 1310202.
2, 3, 19, 1277
What are the prime factors of 8544230?
2, 5, 854423
What are the prime factors of 14089954?
2, 7044977
What are the prime factors of 4480989?
3, 1493663
What are the prime factors of 84542?
2, 41, 1031
List the prime factors of 718729.
11, 223, 293
What are the prime factors of 15638?
2, 7, 1117
List the prime factors of 1562866.
2, 781433
What are the prime factors of 153481?
31, 4951
What are the prime factors of 631152?
2, 3, 487
List the prime factors of 1621050.
2, 3, 5, 101, 107
What are the prime factors of 2087406?
2, 3, 89, 1303
What are the prime factors of 1082812?
2, 421, 643
List the prime factors of 308790.
2, 3, 5, 47, 73
What are the prime factors of 20557?
61, 337
What are the prime factors of 3112338?
2, 3, 29, 31, 577
What are the prime factors of 1760294?
2, 41, 21467
List the prime factors of 227545.
5, 17, 2677
What are the prime factors of 651725?
5, 131, 199
List the prime factors of 233415.
3, 5, 7, 13, 19
What are the prime factors of 209657?
7, 61, 491
What are the prime factors of 10317281?
13, 41, 1489
What are the prime factors of 2241037?
2241037
List the prime factors of 14901002.
2, 7450501
What are the prime factors of 362286?
2, 3, 6709
List the prime factors of 23473870.
2, 5, 7, 335341
What are the prime factors of 1755035?
5, 83, 4229
List the prime factors of 305104.
2, 19069
What are the prime factors of 7603805?
5, 11, 138251
What are the prime factors of 2590928?
2, 83, 1951
What are the prime factors of 1244897?
421, 2957
List the prime factors of 8782595.
5, 1756519
What are the prime factors of 3776241?
3, 7, 179821
What are the prime factors of 196526?
2, 11, 8933
List the prime factors of 782737.
439, 1783
List the prime factors of 1300597.
1300597
What are the prime factors of 376189?
11, 3109
List the prime factors of 293704.
2, 36713
What are the prime factors of 11688690?
2, 3, 5, 13, 17, 41, 43
What are the prime factors of 16780860?
2, 3, 5, 53, 1759
What are the prime factors of 1655005?
5, 11, 30091
What are the prime factors of 3882258?
2, 3, 215681
List the prime factors of 968882.
2, 37, 13093
List the prime factors of 16593345.
3, 5, 491, 751
List the prime factors of 403769.
19, 79, 269
List the prime factors of 3754074.
2, 3, 137, 4567
What are the prime factors of 14296931?
11, 1299721
What are the prime factors of 2547419?
7, 363917
What are the prime factors of 299454?
2, 3, 29, 1721
What are the prime factors of 4462218?
2, 3, 247901
List the prime factors of 503616.
2, 3, 43, 61
List the prime factors of 980877.
3, 557, 587
List the prime factors of 2873621.
2873621
What are the prime factors of 13216712?
2, 1652089
What are the prime factors of 133773?
3, 17, 43, 61
List the prime factors of 1514771.
227, 6673
List the prime factors of 12446539.
7, 19, 29, 461
What are the prime factors of 1671354?
2, 3, 19, 181
What are the prime factors of 159036?
2, 3, 29, 457
What are the prime factors of 294515?
5, 13, 23, 197
What are the prime factors of 33711833?
17, 19, 29, 59, 61
What are the prime factors of 10390772?
2, 7, 371099
List the prime factors of 11135209.
11135209
List the prime factors of 514391.
97, 5303
List the prime factors of 155910.
2, 3, 5, 5197
List the prime factors of 9264411.
3, 13, 6091
What are the prime factors of 161395?
5, 13, 191
List the prime factors of 5093938.
2, 19, 37, 3623
List the prime factors of 297881.
297881
What are the prime factors of 4392044?
2, 983, 1117
What are the prime factors of 4909475?
5, 196379
List the prime factors of 36370.
2, 5, 3637
List the prime factors of 4749051.
3, 113, 14009
What are the prime factors of 411445?
5, 19, 61, 71
List the prime factors of 11146745.
5, 2229349
List the prime factors of 6580326.
2, 3, 17, 64513
List the prime factors of 4054662.
2, 3, 89, 2531
What are the prime factors of 957338?
2, 17, 37, 761
List the prime factors of 212221.
23, 9227
What are the prime factors of 2534015?
5, 11, 46073
List the prime factors of 690549.
3, 383, 601
What are the prime factors of 3349603?
3349603
List the prime factors of 7527099.
3, 383, 6551
What are the prime factors of 5024470?
2, 5, 11, 45677
What are the prime factors of 3301307?
19, 239, 727
List the prime factors of 18648669.
3, 13, 478171
What are the prime factors of 723762?
2, 3, 13, 1031
What are the prime factors of 1364653?
29, 47057
What are the prime factors of 225504?
2, 3, 29
What are the prime factors of 2222024?
2, 7, 39679
List the prime factors of 307364.
2, 43, 1787
What are the prime factors of 8799717?
3, 19, 263, 587
What are the prime factors of 54702?
2, 3, 1013
What are the prime factors of 1140845?
5, 401, 569
List the prime factors of 23424876.
2, 3, 197, 367
List the prime factors of 6497145.
3, 5, 17, 19, 149
What are the prime factors of 100630?
2, 5, 29, 347
List the prime factors of 1855585.
5, 71, 5227
What are the prime factors of 11641189?
7, 1663027
What are the prime factors of 197879?
11, 17989
What are the prime factors of 1927840?
2, 5, 12049
What are the prime factors of 153793?
113, 1361
What are the prime factors of 198326?
2, 53, 1871
List the prime factors of 186110.
2, 5, 37, 503
What are the prime factors of 976849?
976849
List the prime factors of 1200088.
2, 150011
List the prime factors of 1937120.
2, 5, 12107
List the prime factors of 349716.
2, 3, 151, 193
List the prime factors of 1045678.
2, 522839
What are the prime factors of 2811001?
17, 37, 41, 109
What are the prime factors of 21549?
3, 11, 653
List the prime factors of 15008323.
11, 149, 9157
List the prime factors of 3646299.
3, 1215433
List the prime factors of 8699620.
2, 5, 434981
What are t